 multiple of 596?
False
Does 21 divide 7071582?
True
Is 142 a factor of 15137484?
True
Is 187 a factor of 69446896?
False
Does 1535 divide 152859848?
False
Does 11 divide 3752408913?
True
Is 54684423 a multiple of 171?
False
Is 177774454 a multiple of 2831?
False
Is 1064877679 a multiple of 9?
False
Does 200 divide 12330200?
True
Does 5503 divide 540433121?
True
Is 162 a factor of 229462470?
True
Is 3 a factor of 14122861?
False
Is 61 a factor of 30065594?
False
Does 4377 divide 67550672?
False
Is 38897053 a multiple of 437?
False
Is 17184649 a multiple of 2187?
False
Is 7572320 a multiple of 13?
False
Is 2541 a factor of 46929729?
True
Is 111096810 a multiple of 18?
True
Is 2 a factor of 27929761?
False
Is 1187277 a multiple of 13?
True
Does 1404 divide 2141100?
True
Is 139058592 a multiple of 8?
True
Does 495 divide 13209075?
True
Does 39 divide 24320673?
True
Is 611283768 a multiple of 20?
False
Does 44 divide 22360847?
False
Is 64 a factor of 204742954?
False
Does 56 divide 101465895?
False
Does 18 divide 394814160?
True
Is 373 a factor of 9559802?
False
Is 226915456 a multiple of 172?
False
Is 4725178840 a multiple of 14?
False
Is 1345 a factor of 69761115?
True
Does 92 divide 1648135097?
False
Is 216 a factor of 53610336?
True
Is 574097630 a multiple of 290?
True
Is 7 a factor of 342433938?
True
Is 230215174 a multiple of 4058?
False
Is 32493048 a multiple of 42?
True
Is 18 a factor of 95882814?
True
Is 36 a factor of 17185304?
False
Is 523 a factor of 198437183?
True
Is 2331 a factor of 173997495?
True
Is 589 a factor of 43508252?
True
Is 8446906 a multiple of 494?
True
Does 2854 divide 173988402?
True
Does 261 divide 44016606?
True
Is 1866 a factor of 299035830?
True
Is 28 a factor of 2807476501?
False
Is 44500241 a multiple of 17?
False
Is 2315304885 a multiple of 15?
True
Is 107676135 a multiple of 850?
False
Is 43982158 a multiple of 1963?
False
Does 54 divide 144567936?
True
Does 16 divide 975477875?
False
Is 4815493860 a multiple of 590?
True
Is 61 a factor of 23336840?
False
Is 633051705 a multiple of 165?
True
Is 84294564 a multiple of 37?
False
Is 3 a factor of 64878393?
True
Is 123499498 a multiple of 459?
False
Is 478513356 a multiple of 4948?
False
Is 755 a factor of 506609530?
True
Is 619 a factor of 2259319743?
False
Is 17319297 a multiple of 96?
False
Is 165 a factor of 388346714?
False
Does 32 divide 22442300?
False
Does 7 divide 954391533?
False
Does 201 divide 2101187474?
False
Is 14 a factor of 161313460?
True
Does 1358 divide 18419912?
True
Is 226904321 a multiple of 2?
False
Is 869528458 a multiple of 215?
False
Is 321 a factor of 121037865?
True
Is 304 a factor of 778189232?
True
Is 69483320 a multiple of 1112?
True
Is 7490970 a multiple of 16?
False
Does 73 divide 642804274?
True
Does 1650 divide 28635750?
True
Is 19492292 a multiple of 196?
False
Is 40683648 a multiple of 148?
False
Does 726 divide 47250984?
True
Is 13 a factor of 1864631327?
True
Is 16986184 a multiple of 178?
True
Is 9 a factor of 7409421?
True
Is 22905732 a multiple of 38?
False
Does 5 divide 23843575?
True
Is 10875290 a multiple of 13?
False
Is 9203817 a multiple of 7?
True
Does 2623 divide 289568708?
True
Does 18 divide 334060776?
True
Is 2931519 a multiple of 111?
False
Is 2 a factor of 19100999?
False
Is 3445220 a multiple of 340?
True
Is 598897460 a multiple of 460?
True
Is 87 a factor of 2040280413?
True
Is 140 a factor of 303093420?
True
Is 392674408 a multiple of 576?
False
Is 216 a factor of 38398536?
True
Is 5052015 a multiple of 6?
False
Is 1000 a factor of 129374478?
False
Does 71 divide 965539261?
False
Is 158524673 a multiple of 137?
False
Is 7243769 a multiple of 182?
False
Does 32 divide 19004314?
False
Is 29 a factor of 52741691?
True
Does 30 divide 74163886?
False
Is 941595528 a multiple of 4646?
True
Is 13328120 a multiple of 1444?
True
Is 39 a factor of 65049583?
False
Does 44 divide 6659092?
True
Is 3 a factor of 113286772?
False
Does 104 divide 190013408?
True
Is 5532 a factor of 835503492?
True
Is 843851309 a multiple of 29?
True
Is 20 a factor of 4565360?
True
Is 356 a factor of 731422607?
False
Is 652 a factor of 39754606?
False
Is 100 a factor of 171279400?
True
Is 9093403964 a multiple of 80?
False
Is 404 a factor of 9343088?
False
Is 170759992 a multiple of 8?
True
Is 2285 a factor of 1127160795?
True
Is 60325531 a multiple of 54?
False
Is 84 a factor of 30808722?
False
Is 314894299 a multiple of 2835?
False
Is 11451648 a multiple of 768?
True
Is 31870723 a multiple of 415?
False
Is 164 a factor of 10716258?
False
Is 17 a factor of 3877052684?
False
Does 580 divide 59810261?
False
Is 197100807 a multiple of 693?
False
Is 228 a factor of 73287707?
False
Is 93894639 a multiple of 139?
True
Does 9 divide 1804502439?
True
Is 262005296 a multiple of 14?
True
Is 95 a factor of 4601681?
False
Does 388 divide 4108570081?
False
Is 212 a factor of 114585520?
False
Is 99 a factor of 590334228?
True
Does 3045 divide 692607155?
False
Is 177 a factor of 263510968?
False
Is 818713824 a multiple of 1308?
True
Is 20 a factor of 1200862740?
True
Is 150 a factor of 203823765?
False
Does 29 divide 210083395?
True
Is 302641170 a multiple of 78?
True
Does 7 divide 42168772?
False
Is 104412748 a multiple of 2746?
False
Does 139 divide 32338350?
True
Is 54310404 a multiple of 1322?
True
Is 850775319 a multiple of 81?
True
Does 7 divide 71369018?
True
Does 2426 divide 43163392?
True
Is 419373360 a multiple of 532?
False
Does 3 divide 416586936?
True
Is 69031287 a multiple of 501?
True
Does 233 divide 7813888?
True
Is 1038 a factor of 350748107?
False
Is 250308486 a multiple of 3331?
False
Is 1819033 a multiple of 2?
False
Is 132362130 a multiple of 1185?
True
Does 4 divide 877028?
True
Does 1515 divide 287395584?
False
Is 20 a factor of 171330168?
False
Does 343 divide 384734431?
False
Is 7 a factor of 358441292?
False
Is 28756276 a multiple of 7?
False
Does 110 divide 1656654?
False
Does 76 divide 721026288?
True
Is 10006489 a multiple of 17?
True
Does 1621 divide 36150191?
False
Is 463533546 a multiple of 268?
False
Is 18858162 a multiple of 3?
True
Does 135 divide 150098798?
False
Is 107023059 a multiple of 39?
True
Is 298431218 a multiple of 158?
False
Is 14 a factor of 255573869?
False
Is 198 a factor of 33345264?
False
Is 4817710 a multiple of 678?
False
Is 25 a factor of 254230050?
True
Does 3 divide 6800577?
True
Is 465 a factor of 48047676?
False
Is 607 a factor of 54999663?
True
Does 8 divide 250371120?
True
Is 250050025 a multiple of 80?
False
Does 9 divide 13551450?
False
Is 57031640 a multiple of 64?
False
Is 352995214 a multiple of 286?
True
Is 18 a factor of 2685277?
False
Does 38 divide 106809982?
True
Is 511726677 a multiple of 33?
True
Does 331 divide 171334239?
False
Is 252 a factor of 12071808?
True
Is 16064469 a multiple of 3?
True
Is 429838668 a multiple of 15?
False
Does 8 divide 459536?
True
Is 23 a factor of 393188576?
False
Is 313 a factor of 438183098?
True
Does 2504 divide 344302504?
True
Is 88660691 a multiple of 15?
False
Is 5200153 a multiple of 13?
False
Does 18 divide 64004228?
False
Is 403 a factor of 102715319?
False
Does 52 divide 49797244?
False
Is 325 a factor of 2933450000?
True
Is 58 a factor of 233072794?
False
Is 582 a factor of 17130006?
True
Does 13 divide 615461918?
False
Is 81 a factor of 3935223?
True
Is 71287368 a multiple of 829?
True
Is 19317582 a multiple of 118?
False
Does 574 divide 19523814?
False
Does 16 divide 921418358?
False
Is 24 a factor of 695402568?
True
Is 3659 a factor of 164234358?
False
Is 50398816 a multiple of 26?
True
Is 466452168 a multiple of 1274?
True
Does 25 divide 56257117?
False
Does 12 divide 112404241?
False
Is 1978812448 a multiple of 32?
True
Is 2598 a factor of 734716998?
True
Is 2312 a factor of 337482804?
False
Is 351201309 a multiple of 10?
False
Does 575 divide 153142885?
False
Is 15324896 a multiple of 6?
False
Does 82 divide 5427504?
False
Is 1542 a factor of 311733826?
False
Is 1263 a factor of 1830793972?
False
Is 98102681 a multiple of 679?
False
Does 11180 divide 515908770?
False
Is 23615652 a multiple of 3?
True
Is 5108212 a multiple of 431?
True
Is 419270909 a multiple of 1987?
True
Does 2282 divide 60022467?
False
Does 22 divide 186295744?
Fal